 576/10 + 42/(-70). Let z = o - 14. Suppose 0 = -5*l - 2*f + 57, 5*f + 0*f = 3*l - 28. What is the remainder when z is divided by l?
10
Suppose -2*n + 5*n = 45. Calculate the remainder when 33 is divided by n.
3
Suppose 3*k - 4*o - 51 = 0, 0*k + 85 = 5*k + 3*o. Suppose 4*m = 27 + k. Calculate the remainder when 37 is divided by m.
4
Let i = -224 - -325. What is the remainder when i is divided by 18?
11
Let v(s) = -s**3 + s**2 + s + 27. Suppose -7*z + 5700 = 18*z. Suppose 3*x = 3*g - z, -x + 5*x = -3*g + 256. What is the remainder when g is divided by v(0)?
26
Let d = -95 + 99. Suppose -4*l + 2*p = -146, -d*p - 79 = -4*l + 61. Suppose r - 30 = -2*q - 2*q, -32 = -5*q - 4*r. What is the remainder when l is divided by q?
6
Calculate the remainder when 298 is divided by 5/10 + 23/2.
10
Suppose -10*b + 131 = -739. Calculate the remainder when b is divided by 18.
15
Suppose -63 = -5*o + 2*o. Suppose -o = -5*j - 1. Suppose j*f = -2*k + 38, -2*f - f = -5*k - 48. What is the remainder when 43 is divided by f?
10
Suppose 0 = -11*o + 79 + 86. What is the remainder when o is divided by 5?
0
Suppose 0 = -4*s + s + 6. Let k(i) = 6 - 2*i**s - 9 + 3*i**2 + i. Calculate the remainder when k(-5) is divided by 6.
5
Let v = 49 + -19. Let w be (-8)/(-5)*(-5)/(-2). Suppose -2*l + 36 = w. Calculate the remainder when v is divided by l.
14
Let s be 3*(1 - (3 - 3)). Suppose 24 = 4*x - 4*k, -x - s*k - 7 = 3. Calculate the remainder when -1*x*69/(-6) is divided by 8.
7
Let a be (-78)/(-4) + 16/32. Suppose -4*l = 8, -2*l - 102 + a = -3*p. What is the remainder when 49 is divided by p?
23
Let g(j) = -j**2 + 6*j + 5. Suppose 157 = 4*x - p, -2*x + 7*x = 5*p + 215. Suppose 2*l = 3*l - x. Calculate the remainder when l is divided by g(5).
8
Let z(i) = i**3 + 6*i**2 + 4*i + 5. Let h = -16648 - -16660. Calculate the remainder when h is divided by z(-5).
2
Let n = 94 + -78. Let k = 6 - -20. Let x = k - n. What is the remainder when x is divided by 4?
2
Let f = -6 - -41. Suppose 0*x - 15 = -5*x. Suppose -41 = -2*m + 3*z, -x*z + 16 = m - 0*z. What is the remainder when f is divided by m?
16
Let n(y) = -y**3 + 13*y**2 - 11*y - 10. Let m be n(12). Suppose -m = -5*b + 78. Suppose 5*w + 3*w = 360. Calculate the remainder when w is divided by b.
13
Let n be 4/(-2 - -1*4). Suppose 30 = -4*u + 66. Let z = u - n. What is the remainder when z is divided by 2?
1
Suppose -4 = -4*k, 0 = -5*v + 4*k + 18 - 2. Suppose 0 = -5*f + 21 + v. What is the remainder when 17 is divided by f?
2
Suppose -3*g - 1458 = -4*v, -2*g = 2*v - 3*g - 730. What is the remainder when v is divided by 10?
6
Let q(p) = 7*p**2 - 6*p + 18. What is the remainder when q(4) is divided by 55?
51
Suppose 3*v - 3*n - 1344 = 0, 3*v - 2014 + 638 = -5*n. Suppose 9*h - v = 52. Calculate the remainder when h is divided by 10.
6
Suppose -5*r + 3*r + 88 = 0. Suppose 3*c - 4*m - 517 = 0, 3*c + 2*m - 535 = -3*m. Calculate the remainder when c is divided by r.
43
Let j = 2 - 1. Suppose -2*m - j + 13 = 0. Let h = 7 + -4. What is the remainder when m is divided by h?
0
Let m(s) = -61*s + 1362. Calculate the remainder when m(17) is divided by 161.
3
Suppose -q - 49 = -5*j, -4*j - 4*q = -0*j - 44. Calculate the remainder when 242 is divided by ((-4)/1 + 135/18)*j.
32
Suppose 89 = 5*b - 141. Let w be 41 - 0 - (-1 + 4 + 0). What is the remainder when b is divided by (14/(-35) + w/(-5))*-2?
14
Suppose 5*g - 5 = 0, -3*g + 11 = -2*h + 70. What is the remainder when 89 is divided by h?
27
Let o(t) = -t**3 + 9*t**2 + 9*t - 4. Let p be o(7). Suppose -p*g + 52 = -153*g. What is the remainder when g is divided by 3?
1
Suppose 17*r = -26 + 723. What is the remainder when r is divided by 3/4 - 3/(36/(-159))?
13
Suppose 4*g + 3 - 91 = 0. What is the remainder when 8/10 + -1 - (-402)/10 is divided by g?
18
Let d(a) = -a**3 + 15*a - 21. What is the remainder when d(-6) is divided by 28?
21
Let l(x) = 5*x - 21. Let h be l(16). Suppose -3*a + 188 = h. What is the remainder when a is divided by 15?
13
Let s = 2 + 0. Suppose -4*b = 8, -8*p + 100 = -5*p + 4*b. Suppose -s*a = a - p. Calculate the remainder when 45 is divided by a.
9
Suppose 0 = -7*o + 27 + 365. Calculate the remainder when 218 is divided by o.
50
Suppose -2635 = -10*g + 9355. What is the remainder when g/77 + 12/(-21) is divided by 15?
0
Suppose 168 = 5*q - q. What is the remainder when q is divided by 17?
8
Let x be (-1)/(-1)*36*1. Let w = 51 - x. Let b = 4 - -4. What is the remainder when w is divided by b?
7
Suppose 0 = 5*r - 2*r. Let j = 101 + -97. Suppose -2*k = -j*p - 46, r*p + 5*p + 46 = 2*k. What is the remainder when k is divided by 13?
10
Let f(t) = t**3 + 18*t**2 - 63*t + 33. What is the remainder when 224 is divided by f(-21)?
26
Let x(g) = g**2 - 8*g + 1. Let u be x(8). Let c = 10 - u. Let m(a) = -a**2 + 11*a + 4. What is the remainder when 64 is divided by m(c)?
20
Suppose 3*l - 5*l + 6 = 0. Suppose -3*t = -8*t - 3*a - 4, 4 = t + l*a. Calculate the remainder when 3*(0 - t - 1) is divided by 3.
0
Let g be ((-38)/4)/((-4)/8). Suppose g + 49 = -2*c. Let d = c - -62. Calculate the remainder when d is divided by 8.
4
Let n be (-40614)/(-28) - ((-1)/(-2))/1. Suppose -13*p + n = -97. Calculate the remainder when p is divided by 12.
11
Calculate the remainder when 7/(-2)*(-29 - 13) is divided by 30.
27
Calculate the remainder when 79 is divided by 240/(10 + -4) + 0/(-1).
39
Let b be (-2 - -5) + (1 - 1). Suppose 159 = b*u + h + h, -2*u = 5*h - 106. What is the remainder when u is divided by (6/(-4))/(7/(-84))?
17
Let z = 27 - 16. Let y(d) = -d**2 - 13*d - 20. Let k be y(-10). Suppose -k*a + 7 + 23 = 0. Calculate the remainder when z is divided by a.
2
Let v(k) = 8*k**2 + 15*k + 72. What is the remainder when v(-6) is divided by 17?
15
Let r be (-87)/6*(-1 - 13). Suppose r = 5*c - d + 5*d, -4*c - d = -158. Calculate the remainder when 155 is divided by c.
38
Let l be 6/(-4)*56*1/3. Let o = l - -35. What is the remainder when 76 is divided by o?
6
Let t(a) = a**3 - 3*a**2 + 2*a + 3. Calculate the remainder when t(4) is divided by (26 + -24)/((-126)/(-951)) + 2/(-21).
12
Let j = 251 - 226. Calculate the remainder when 121 is divided by j.
21
Let v(b) = -5 + 24*b + 1 - 39*b. What is the remainder when 120 is divided by v(-3)?
38
Let l(s) = -s + 17. Suppose -7*h + 10 = -6*h. What is the remainder when 18 is divided by l(h)?
4
Suppose 5*p + 25 - 75 = 0. Calculate the remainder when 172 is divided by -5*(-1 - 0)*(-5 + p).
22
Let c = 25 + -17. What is the remainder when 348/4*1*(-3)/(-9) is divided by c?
5
Suppose -27*v = -71*v + 264. Calculate the remainder when (-321)/(-12) - (-2)/8 is divided by v.
3
Let z(o) = 3*o + 12. What is the remainder when 45 is divided by z(4)?
21
Let z be -15*(3 - 47/5). Let w = -58 + z. What is the remainder when w is divided by (-1)/(4/10*28/(-112))?
8
Suppose -18*i - 164 = -59*i. Calculate the remainder when 15 is divided by i.
3
Let t = 2052 - 2049. Suppose -5*d = 25, -2*x + 11 = -5*d - 20. What is the remainder when x is divided by t?
0
Calculate the remainder when 118 is divided by 19/((-84)/24 - -4).
4
Suppose 92 = 3*q - 4*x, -2*q = -7*q + 2*x + 144. Let r(g) = -17*g + 2. What is the remainder when r(-3) is divided by q?
25
Suppose -103 = -5*r + q + 59, 24 = r - 3*q. Let f = r + -13. Suppose 0 = 2*d - 2*i - f, -d - i = i + 5. What is the remainder when 18 is divided by d?
3
Suppose -19*b = -62*b + 16856. What is the remainder when b is divided by 3?
2
Suppose -i + 284 = -0*i. Suppose -3*m + i = -m. Suppose -2*g = -m - 56. What is the remainder when g is divided by 25?
24
Suppose 0 = 2*j - 6. Let k = j + 4. Suppose 0 = k*a - a - 24. What is the remainder when a is divided by 3?
1
Let s(z) = 8*z**2 + 1. Suppose r - 2*n = 3*n, -4*n = 0. Suppose -j = -r*j - 1. What is the remainder when 35 is divided by s(j)?
8
Let v(p) = -p**3 + 11*p**2 - 5*p - 6. Let s(b) = -b**2 + b + 9. Let r = -1 - -1. Let w be s(r). What is the remainder when v(w) is divided by 28?
27
Let b(j) = 101*j - 28. Calculate the remainder when b(1) is divided by 57.
16
What is the remainder when 17 is divided by (-6 - -10)/((-4)/(-11))?
6
Suppose -2*b + 532 = 5*d + b, -5*d = -3*b - 508. Suppose 114 = i + w, -i - 2*w - w + d = 0. Calculate the remainder when i is divided by 24.
23
Suppose 3*g - 7*h